tor of f and q?
14
Let w(s) = 3*s**3 - 4*s**2 + 3*s + 4. Let f be 1/(-1) + 1 + 4. Let p be w(f). Let r be 2/2 + 0 - -15. What is the greatest common factor of r and p?
16
Let a = 97 + -64. Calculate the greatest common factor of 297 and a.
33
Let j be (-11)/(-2) - (-5)/10. Let s(v) = -v**2 + 8*v + 4. Let i be s(j). What is the greatest common divisor of 176 and i?
16
Let u be 4/6 + (-64)/(-3). Suppose -4*c + 2*b + 0*b + 10 = 0, 3*b + 13 = 5*c. What is the greatest common factor of u and c?
2
Let o be 1/3*2*3. What is the greatest common factor of o and 5?
1
Let h = -5 + 6. Let c = h + 4. Calculate the greatest common factor of c and 5.
5
Let m(k) = -k**3 - 5*k**2 + 4*k - 6. Let g(d) = -d**2 + d - 6. Let h be g(0). Let b be m(h). What is the highest common factor of 54 and b?
6
Suppose 8*a - 4*a - 45 = -5*g, 3*a = 5*g - 10. Suppose 0*m + 56 = -a*m + 2*u, -3*m - 42 = 3*u. Let y = m - -34. What is the greatest common divisor of 33 and y?
11
Let i = 46 + -28. Let k(n) = n**3 + 3*n**2 - 3*n + 2. Let f be k(-4). Let z be 428/12 + f/(-6). Calculate the greatest common divisor of z and i.
18
Suppose 0 = v + 15 - 19. Let q be (-4)/(-2) - (-68)/2. What is the greatest common divisor of v and q?
4
Suppose -4*o + 68 = -3*o. Let j(i) = -i**2 + 11*i + 59. Let r be j(14). Calculate the greatest common divisor of o and r.
17
Let s = -32 + 47. Suppose -d - 6 = 2*d. Let u be -1 + 0/d + 91. What is the greatest common factor of u and s?
15
Let j(k) = k - 5. Let g be j(4). Let w = 7 + g. Let x be 6/(-8)*(-3 - 1). What is the greatest common factor of w and x?
3
Suppose 3*d + 3 = 4*p + 16, p = 2*d - 17. Calculate the highest common divisor of d and 55.
11
Let h(t) = -3*t**2 - t**2 - 6 + 3*t**2 - 11*t. Let g = 4 - 11. Let d be h(g). What is the highest common divisor of d and 2?
2
Let r(c) be the second derivative of -c**5/20 - 11*c**4/12 - 2*c**3 + 4*c. Let h be r(-10). What is the greatest common divisor of 20 and h?
20
Suppose -468 = -3*n + 102. Let p = n - 109. What is the greatest common factor of p and 9?
9
Suppose -g - g + 4 = 0. Let l(n) = 6*n**2 - n - 1. Let w be l(g). What is the highest common divisor of w and 168?
21
Suppose 116 = 3*y - 2*u, -3*u + 18 = 3*y - 123. What is the highest common factor of y and 42?
42
Suppose 0 = -2*k + 2*g + 168, k = -3*g - 0*g + 72. Let m(j) = 6*j - 3. Let y be m(2). What is the highest common factor of y and k?
9
Let a = -1 + 4. Suppose -a*z = -z - 264. Let j(u) = u**3 - 7*u**2 + 8*u. Let q be j(6). Calculate the highest common divisor of z and q.
12
Suppose -18 = -0*i - i. Let u(t) be the second derivative of -t**4/12 + t**3 - 3*t**2 + t. Let s be u(4). What is the greatest common factor of i and s?
2
Let c = 14 - 9. Suppose c*q = 103 - 3. Calculate the highest common divisor of 180 and q.
20
Let t = 43 - 19. Let s(m) = m**2 + 2*m - 5. Let y = -8 + 4. Let n be s(y). Calculate the highest common factor of n and t.
3
Let k = 51 + 1. What is the greatest common divisor of 13 and k?
13
Let c = -1 - -9. Calculate the greatest common factor of 40 and c.
8
Let f be 2/(-4)*(-4 + -28). Let b = -28 + 6. Let s = b + 70. What is the highest common divisor of f and s?
16
Suppose -23 = -4*h + 6*y - 5*y, 3 = 4*h - 5*y. Let p be (-6)/15 - (-387)/5. What is the greatest common divisor of p and h?
7
Suppose 0*u + 3*u - 99 = 0. Let l = -9 + 12. What is the highest common factor of u and l?
3
Let o be (-4)/(-1*2) + 151. Let f be 4 - (156/(-3))/4. Calculate the greatest common divisor of o and f.
17
Suppose -w + 57 + 0 = 2*b, 96 = 3*b - 2*w. Suppose -5*t + 130 - 30 = 0. Calculate the greatest common factor of b and t.
10
Let p = -101 - -121. What is the greatest common factor of 8 and p?
4
Let z = 0 - 0. Let h be z/(-2 - -1) + 30. Let g be (11 - 3)*(-5)/(-2). Calculate the highest common factor of g and h.
10
Suppose 2*i + i = 9. Let f = 12 - i. Let b(g) = -g**2 + 8*g - 6. Let v be b(6). What is the highest common divisor of v and f?
3
Suppose -5*w = -4*i + 998, 2*w = 3*i - 2*w - 748. Calculate the highest common factor of 28 and i.
28
Let h(j) = -j**2 - 29*j - 64. Let o be h(-26). Calculate the highest common divisor of 21 and o.
7
Let f(q) = 3*q**2 + 5*q - 5. Let j be -5*(-1)/((-10)/(-12)). Let l be f(j). Calculate the highest common factor of 19 and l.
19
Let z be 65/9 - 2/9. Let i(r) = 3 - 13*r + 0 - 3 - 2. Let h be i(-5). What is the greatest common factor of h and z?
7
Let s be (2/(-3))/(2/(-24)). Let q = s + -7. Suppose 3*l - 3 = -4*r, 3*l = -l + 5*r + 4. Calculate the greatest common factor of l and q.
1
Let v = -234 + 423. Calculate the highest common divisor of 27 and v.
27
Let t = 53 - -27. Suppose 24 = -3*o - 2*q, -4*q = 5*o + 5 + 37. Let a = o - -16. What is the greatest common divisor of t and a?
10
Let b be 1/2 - (-60)/8. What is the greatest common factor of b and 8?
8
Let i(h) = -h**3 - 3*h**2 + 6*h - 12. Let v be i(-5). Calculate the greatest common factor of v and 2.
2
Suppose 58 = -2*i + 3*i. What is the greatest common factor of i and 29?
29
Let v(g) = -10*g + 12. Let k be v(-17). Calculate the greatest common factor of k and 26.
26
Let w(l) = -8*l + 2*l - 2*l + 2*l - 3. Let k be w(-2). Suppose 2*d - 2*c - 2*c - 22 = 0, 3 = -3*c. What is the greatest common divisor of d and k?
9
Suppose 0 = -4*p + c - 117, -4*p - 70 = 5*c + 65. Suppose -3*m = -0*m - 54. Let z be p/4*(-156)/m. Calculate the highest common factor of z and 13.
13
Suppose 4*w - z - 59 = -0*z, 5*z + 25 = 2*w. Suppose -m - 3 = 0, m - w - 26 = -4*h. Calculate the highest common factor of 77 and h.
11
Suppose -2*h + 38 = -4. Suppose h + 18 = 3*f. What is the highest common divisor of 39 and f?
13
Let o(t) = 2*t + 2. Let r be o(5). What is the highest common factor of r and 60?
12
Let k(s) = s**2 + 8*s + 2. Let f be k(-9). Let w = -7 + f. Suppose -w*u + 55 = u. What is the greatest common divisor of u and 11?
11
Let t be (2 + 504/4)*1. Suppose -h + t = h. Let y(a) = 7*a**2 + 1. Let l be y(1). What is the greatest common factor of l and h?
8
Let m = 92 + -72. Calculate the greatest common divisor of m and 60.
20
Suppose -d - 2*d + 9 = 0, -g + 17 = d. Suppose -2*s + 49 = -21. Suppose 5*r = -s + 105. Calculate the highest common divisor of r and g.
14
Let o(g) = -5*g**3 - g**2. Let q be o(-1). Let w = -86 - -130. What is the greatest common divisor of w and q?
4
Let h be (-4)/(-10)*(-19 + -1). Let z = 37 + h. Let q = -14 + z. What is the greatest common factor of q and 6?
3
Let f = -254 + 462. Calculate the greatest common factor of 13 and f.
13
Let v = 240 + -93. Calculate the highest common factor of 21 and v.
21
Let q(y) = y**3 + 7*y**2 + 6*y - 3. Let n be q(-5). Suppose 0 = v - 0 - n. Calculate the highest common divisor of v and 187.
17
Suppose 0*n + 3*n = -5*o + 39, -93 = -5*n + o. Let l(p) = 449*p - 2. Let r be l(-2). Let i be r/(-48) + (-6)/8. Calculate the greatest common factor of n and i.
18
Suppose g - 62 + 10 = 0. Let f = g + -27. Let p = -7 + 17. What is the greatest common divisor of f and p?
5
Let n(p) = p**2 - 3*p + 4. Let j be n(4). Calculate the highest common divisor of 16 and j.
8
Let h be (-15)/(-10)*172/(-6). Let d = 101 - h. Let x(o) = o**2 + o + 18. Let m be x(0). What is the greatest common factor of d and m?
18
Suppose -2*s - 5*q = 10 + 7, 4*s + 4*q + 4 = 0. Let b = 9 - s. Suppose -b*h + 30 = -3*h. What is the greatest common factor of 75 and h?
15
Let x = -23 - -64. What is the highest common divisor of x and 41?
41
Let g(k) = 10*k**2 + 2. Let f be g(-2). Suppose 130 = 5*l - 5*u, 0 = 4*l - 3*u - f - 58. Suppose 7*m - 275 = 2*m. What is the highest common factor of m and l?
11
Let f be 13 + (0 - 1) + 1. Calculate the highest common factor of f and 91.
13
Let z = -536 - -547. Let h(g) = -g**3 - g**2 - g + 110. Let p be h(0). What is the highest common factor of z and p?
11
Let b(o) = -15*o - 9. Let y be b(-2). What is the greatest common factor of 14 and y?
7
Let d = -9 - -19. Suppose d*m - 5*m = 120. Suppose -11*c + 8*c + m = 0. What is the greatest common factor of 32 and c?
8
Let z(n) = 4*n**3 - n**2 + 3*n. Let s be z(4). Calculate the highest common factor of 28 and s.
28
Let v be 7/(-2)*(-3)/(-7)*-28. Calculate the greatest common divisor of v and 21.
21
Suppose -3*p + 50 + 10 = 0. Let k = 3 - 3. Let x be 30/(1 + 0 - k). Calculate